491 a multiple of 9?
False
Is 706 a factor of 999091491?
False
Is 128113325 a multiple of 25?
True
Is 90 a factor of 169114500?
True
Is 3387 a factor of 80525925?
True
Does 4 divide 9405110?
False
Does 465 divide 169697565?
True
Does 14 divide 480245360?
True
Is 33 a factor of 267136188?
True
Is 11476771 a multiple of 145?
False
Does 325 divide 17245002?
False
Does 113 divide 545762975?
False
Is 1302627397 a multiple of 798?
False
Is 781994974 a multiple of 15?
False
Does 2131 divide 107266601?
False
Is 183143 even?
False
Does 49 divide 778478043?
True
Is 104370335 a multiple of 2141?
False
Is 57574195 a multiple of 10?
False
Is 54 a factor of 386576604?
True
Is 347 a factor of 59444277?
False
Does 67 divide 32099097?
True
Is 67623616 a multiple of 208?
False
Does 1118 divide 768079292?
False
Is 10 a factor of 692238140?
True
Does 48 divide 418475568?
True
Is 469953283 a multiple of 1221?
False
Does 30 divide 888804398?
False
Is 23 a factor of 56086564?
False
Does 5545 divide 2603428472?
False
Does 491 divide 2565717?
False
Is 82734288 a multiple of 28?
True
Is 685392236 a multiple of 176?
False
Is 109 a factor of 325174238?
False
Is 8 a factor of 91660234?
False
Is 64644090 a multiple of 7?
True
Is 284 a factor of 1335719511?
False
Is 196036675 a multiple of 5?
True
Is 624 a factor of 107689296?
True
Is 832317355 a multiple of 19?
False
Does 304 divide 464836524?
False
Is 130291423 a multiple of 28?
False
Is 173 a factor of 7314179?
False
Is 31388323 a multiple of 43?
True
Is 16 a factor of 48826368?
True
Does 6 divide 32358605?
False
Is 32 a factor of 438325120?
True
Is 467 a factor of 2798731?
True
Is 11226176 a multiple of 405?
False
Does 750 divide 39370410?
False
Is 377223261 a multiple of 5?
False
Is 7 a factor of 4237993320?
False
Does 90 divide 2342106?
False
Is 23861105 a multiple of 13?
False
Does 554 divide 119419132?
True
Is 839289835 a multiple of 204?
False
Does 126 divide 25687494?
True
Does 967 divide 27768372?
True
Is 57 a factor of 95055252?
True
Is 157113888 a multiple of 76?
True
Is 12 a factor of 690098005?
False
Does 1537 divide 171320168?
True
Is 142 a factor of 175413043?
False
Does 1789 divide 88548533?
False
Is 5 a factor of 428808585?
True
Does 15 divide 4616693?
False
Is 26 a factor of 122217491?
False
Is 10 a factor of 87337190?
True
Is 111447747 a multiple of 10?
False
Is 698 a factor of 342312462?
True
Does 11 divide 1957013234?
True
Is 2939181189 a multiple of 8430?
False
Is 277731116 a multiple of 157?
True
Is 89184248 a multiple of 3253?
True
Is 10 a factor of 290561409?
False
Does 716 divide 263843136?
True
Is 51 a factor of 14242824?
False
Is 171 a factor of 185165720?
False
Does 14 divide 101636251?
False
Is 54137676 a multiple of 292?
True
Is 1468743 a multiple of 59?
False
Does 255 divide 323698020?
True
Is 456234 a multiple of 6?
True
Is 8907313 a multiple of 50?
False
Does 50 divide 83656642?
False
Does 329 divide 24456544?
True
Is 58134360 a multiple of 12?
True
Does 29 divide 487969492?
False
Is 968490 a multiple of 42?
False
Is 532827132 a multiple of 186?
True
Is 131205984 a multiple of 78?
True
Is 4321 a factor of 898564913?
True
Is 1294 a factor of 31322564?
True
Is 6433437 a multiple of 26?
False
Is 53761576 a multiple of 3413?
True
Is 600069 a multiple of 2?
False
Is 17 a factor of 231642306?
True
Does 79 divide 42998989?
True
Does 1813 divide 63088774?
True
Is 933914404 a multiple of 71?
True
Does 12 divide 12050331?
False
Is 995921132 a multiple of 627?
False
Is 176585156 a multiple of 913?
True
Is 23160830 a multiple of 385?
True
Is 261 a factor of 205809647?
False
Is 19631824 a multiple of 1124?
False
Does 3197 divide 272478898?
False
Is 13700706 a multiple of 63?
False
Does 71 divide 119575857?
True
Is 34301640 a multiple of 36?
False
Is 264671892 a multiple of 36?
True
Is 271425858 a multiple of 1175?
False
Is 107 a factor of 33802263?
True
Does 1965 divide 648233850?
True
Does 24 divide 69027167?
False
Is 22429811 a multiple of 410?
False
Is 151 a factor of 106612040?
True
Is 4599532189 a multiple of 15?
False
Is 20139044 a multiple of 360?
False
Does 3567 divide 329035711?
False
Does 86 divide 3216830?
True
Is 45 a factor of 522366770?
False
Is 2290 a factor of 716657790?
True
Is 36983872 a multiple of 32?
True
Is 34524564 a multiple of 276?
True
Is 2024681060 a multiple of 5?
True
Does 11 divide 73364533?
True
Is 331 a factor of 133414846?
True
Is 32 a factor of 154292337?
False
Does 211 divide 1423294132?
False
Is 646 a factor of 3846284?
True
Is 20977150 a multiple of 163?
False
Does 5356 divide 2800711316?
True
Does 5768 divide 471753184?
True
Is 466 a factor of 1096885957?
False
Is 52703850 a multiple of 970?
False
Is 820 a factor of 643413?
False
Is 13890240 a multiple of 250?
False
Is 96 a factor of 41101248?
True
Is 10051272 a multiple of 462?
True
Is 33050304 a multiple of 336?
True
Is 13 a factor of 2294830951?
False
Does 12 divide 652773072?
True
Is 351 a factor of 3952569?
False
Is 6728881 a multiple of 4?
False
Is 207610710 a multiple of 865?
False
Is 59 a factor of 3743727?
True
Is 256 a factor of 89652939?
False
Is 67 a factor of 228717096?
True
Is 59 a factor of 12343508?
True
Does 221 divide 2626553880?
False
Is 1251850072 a multiple of 1138?
True
Does 162 divide 3602927?
False
Is 2325319827 a multiple of 13?
False
Does 1001 divide 36842125?
False
Is 638133012 a multiple of 306?
True
Is 167 a factor of 226974019?
False
Is 235 a factor of 215777000?
True
Does 10 divide 2142140401?
False
Is 105 a factor of 805380555?
True
Is 1617 a factor of 227654503?
False
Does 99 divide 66437208?
False
Does 294 divide 11996352?
False
Is 1046 a factor of 289229177?
False
Is 510884482 a multiple of 8383?
False
Is 7260 a factor of 3476371140?
True
Does 5 divide 217633107?
False
Is 3 a factor of 2807838?
True
Does 171 divide 8023320?
True
Is 32 a factor of 2846508?
False
Is 44 a factor of 1391734608?
True
Is 70 a factor of 443756530?
True
Does 1899 divide 10822401?
True
Does 111 divide 131407878?
False
Is 384850396 a multiple of 28?
True
Is 138491692 a multiple of 4?
True
Is 255 a factor of 1552272210?
True
Is 88838464 a multiple of 17?
True
Is 8489852 a multiple of 14?
True
Is 32 a factor of 634251063?
False
Is 1091091196 a multiple of 13?
True
Is 42841847 a multiple of 2?
False
Does 199 divide 2142584046?
True
Is 955 a factor of 400658581?
False
Is 5085 a factor of 1085781918?
False
Is 1696020 a multiple of 210?
False
Is 407444326 a multiple of 54?
False
Does 7 divide 843865936?
False
Does 3 divide 1771614?
True
Is 238 a factor of 28721840?
True
Is 24 a factor of 1944696504?
True
Is 194315467 a multiple of 93?
False
Is 697691536 a multiple of 80?
False
Is 54 a factor of 303160482?
True
Is 2758393275 a multiple of 835?
True
Does 491 divide 40749072?
True
Is 36737324 a multiple of 52?
True
Is 68365514 a multiple of 14?
True
Is 50198823 a multiple of 15?
False
Does 176 divide 278733702?
False
Does 620 divide 141829340?
True
Is 250526694 a multiple of 309?
True
Is 57292691 a multiple of 1948?
False
Is 484645 a multiple of 305?
True
Is 107 a factor of 11003559?
True
Is 118 a factor of 36419252?
False
Does 3688 divide 113825951?
False
Is 9 a factor of 34382065?
False
Is 231666865 a multiple of 664?
False
Is 59530740 a multiple of 20?
True
Is 2058 a factor of 591841698?
True
Is 1508490 a multiple of 333?
True
Is 17668432 a multiple of 4?
True
Does 30 divide 380574990?
True
Is 190110760 a multiple of 40?
True
Is 56 a factor of 124757080?
True
Does 4822 divide 50942326?
False
Is 2895 a factor of 920255358?
False
Does 4 divide 92885757?
False
Is 3151 a factor of 174921925?
False
Is 774923256 a multiple of 2283?
True
Is 40228130 a multiple of 459?
False
Does 235 divide 5065425?
True
Is 1966512730 a multiple of 4711?
True
Does 73 divide 1980028348?
True
Is 8 a factor of 16786560?
True
Is 5 a factor of 121931624?
False
Does 594 divide 57698446?
False
Is 45 a factor of 1362041100?
True
Does 35 divide 14600568?
False
Is 59982940 a multiple of 15?
False
Is 15480428 a multiple of 428?
False
Does 5 divide 125668365?
True
Does 601 divide 47754859?
True
Is 400 a factor of 69266877?
False
Is 39372434 a multiple of 2595?
False
Does 12 divide 42553282?
False
Is 600 a factor of 884458800?
True
Does 140 div